 divide 99364269?
True
Does 56 divide 218803872?
True
Does 136 divide 1692080170?
False
Is 2 a factor of 21618729?
False
Does 1295 divide 70982644?
False
Is 775462301 a multiple of 3195?
False
Is 954546544 a multiple of 244?
True
Does 5201 divide 33723284?
True
Does 1524 divide 1668327372?
True
Is 1751643964 a multiple of 1421?
True
Is 259947403 a multiple of 4?
False
Is 47 a factor of 35199634?
False
Is 17809902 a multiple of 33?
True
Is 23 a factor of 89042729?
True
Is 45502690 a multiple of 1238?
True
Does 209 divide 220332816?
True
Is 1288 a factor of 15736972?
False
Is 14149324 a multiple of 161?
True
Is 218146803 a multiple of 32?
False
Is 1498241232 a multiple of 432?
True
Does 8 divide 2733816?
True
Does 4382 divide 215578342?
False
Is 65880268 a multiple of 1833?
False
Is 758258772 a multiple of 109?
False
Is 1293180570 a multiple of 30?
True
Is 11 a factor of 65995061?
True
Is 16193628 a multiple of 951?
True
Does 496 divide 927756096?
True
Is 14538406 a multiple of 11?
False
Is 671 a factor of 19693992?
False
Does 58 divide 57434442?
True
Is 10407660 a multiple of 12?
True
Does 445 divide 419724445?
True
Is 117410720 a multiple of 383?
False
Is 200259466 a multiple of 157?
True
Does 422 divide 1194068786?
False
Is 47 a factor of 115092381?
False
Is 1301 a factor of 12983980?
True
Does 14 divide 35815108?
True
Does 1531 divide 7679496?
True
Is 55 a factor of 855758915?
True
Is 43 a factor of 636195415?
False
Is 288115725 a multiple of 435?
True
Does 1270 divide 1629575100?
True
Is 235 a factor of 3788435?
True
Is 65 a factor of 1447964375?
True
Is 166 a factor of 25742450?
True
Is 40001928 a multiple of 613?
True
Does 18 divide 591737094?
True
Is 134973718 a multiple of 5962?
True
Does 77 divide 8509424?
True
Is 52 a factor of 206706136?
True
Is 572 a factor of 3734060865?
False
Is 163 a factor of 67129920?
True
Does 11 divide 48173606?
False
Does 412 divide 1480814?
False
Is 963 a factor of 604109915?
False
Does 177 divide 3849750?
True
Does 126 divide 6433938?
True
Is 29 a factor of 4986231?
True
Does 215 divide 13306350?
True
Does 203 divide 2402534841?
True
Is 34 a factor of 33421966?
True
Is 119462896 a multiple of 135?
False
Does 26 divide 27805764?
False
Is 1487 a factor of 120918379?
True
Does 103 divide 5885363?
False
Is 1875 a factor of 860156250?
True
Is 3260802975 a multiple of 15?
True
Does 11 divide 52465556?
True
Does 12 divide 99438978?
False
Is 803 a factor of 325601243?
True
Is 53160921 a multiple of 9?
True
Does 1852 divide 155214268?
True
Is 3262630 a multiple of 35?
True
Is 298421540 a multiple of 865?
True
Is 1026209996 a multiple of 2572?
True
Does 60 divide 156276715?
False
Is 308 a factor of 25547802?
False
Is 52565432 a multiple of 6?
False
Is 745870845 a multiple of 563?
True
Is 41184744 a multiple of 12?
True
Does 592 divide 322957236?
False
Is 41 a factor of 73788971?
True
Is 1169368392 a multiple of 16?
False
Does 17 divide 405699543?
True
Is 1660622041 a multiple of 29?
True
Is 236 a factor of 3988872?
True
Is 33 a factor of 5051419626?
True
Is 72 a factor of 950193887?
False
Is 542748 a multiple of 79?
False
Is 27587356 a multiple of 4?
True
Is 55 a factor of 8808049?
False
Is 590 a factor of 18723060?
True
Does 3088 divide 26116781?
False
Is 2784526 a multiple of 120?
False
Does 1822 divide 814915008?
True
Is 304 a factor of 18082224?
True
Does 26 divide 569371263?
False
Is 80 a factor of 3040080?
True
Is 11 a factor of 84323624?
True
Does 65 divide 65218530?
True
Does 193 divide 25763874?
False
Does 65 divide 269141453?
False
Is 65 a factor of 1448994495?
True
Is 57860094 a multiple of 3273?
True
Does 9 divide 12021524?
False
Does 141 divide 14651104?
False
Does 466 divide 176170834?
True
Is 49111890 a multiple of 10?
True
Does 53 divide 2785839?
True
Does 660 divide 665253794?
False
Is 1370 a factor of 66518980?
True
Is 4752 a factor of 568890432?
True
Does 18 divide 3339916596?
True
Does 62 divide 979010?
False
Does 1324 divide 1207834888?
True
Does 131 divide 70025383?
False
Is 1051 a factor of 3905601628?
False
Is 140 a factor of 2650803260?
True
Does 27 divide 3279052487?
False
Is 10 a factor of 175254010?
True
Does 1764 divide 3663105?
False
Does 998 divide 2867050408?
True
Does 2219 divide 28485303?
True
Is 64 a factor of 36785475?
False
Is 934296 a multiple of 22?
True
Is 4920753343 a multiple of 187?
True
Is 143433834 a multiple of 11070?
False
Is 90513675 a multiple of 101?
True
Is 10 a factor of 7759650?
True
Is 439 a factor of 346866631?
True
Is 196934212 a multiple of 59?
True
Does 19 divide 2477062668?
False
Is 311 a factor of 191308558?
False
Is 3453375298 a multiple of 5090?
False
Is 21 a factor of 132260?
False
Does 13 divide 2106034931?
True
Is 2341783909 a multiple of 37?
True
Does 30 divide 703258050?
True
Is 1000719384 a multiple of 39?
False
Is 19 a factor of 25331959?
True
Does 25 divide 523106803?
False
Is 1171178630 a multiple of 58?
True
Is 247 a factor of 5111562322?
False
Is 697 a factor of 20774364?
False
Is 4420473 a multiple of 228?
False
Is 191 a factor of 2015831954?
True
Does 971 divide 629180812?
True
Does 77 divide 6443582?
False
Does 574 divide 1691680?
False
Is 132 a factor of 9081732?
True
Is 458475276 a multiple of 1841?
True
Is 8 a factor of 69480538?
False
Is 86 a factor of 6803072?
False
Is 23223354 a multiple of 462?
True
Is 31982729 a multiple of 3?
False
Is 3914 a factor of 160086514?
True
Is 5 a factor of 4527783?
False
Does 7 divide 155009981?
True
Is 37032991 a multiple of 4?
False
Is 5500763 a multiple of 877?
False
Is 2942 a factor of 68233323?
False
Is 340 a factor of 99676446?
False
Does 70 divide 169574887?
False
Is 139540230 a multiple of 657?
True
Is 153808064 a multiple of 64?
True
Is 6262498 even?
True
Is 416 a factor of 32917561?
False
Is 77754266 a multiple of 284?
False
Is 2612809367 a multiple of 12728?
False
Does 191 divide 22337832?
True
Does 580 divide 72533233?
False
Is 920 a factor of 67313438?
False
Is 18 a factor of 43178292?
True
Is 139865634 a multiple of 7?
False
Is 12 a factor of 42924588?
True
Is 1085793553 a multiple of 493?
True
Is 6 a factor of 344823126?
True
Does 333 divide 33430203?
True
Is 1133986999 a multiple of 23?
False
Does 2 divide 118425614?
True
Does 25 divide 120329050?
True
Does 37 divide 139161255?
True
Does 74 divide 1287056948?
False
Does 151 divide 40141538?
True
Is 1360 a factor of 378019925?
False
Is 1926 a factor of 495995076?
True
Is 189 a factor of 3036688704?
True
Does 8 divide 201992393?
False
Is 10 a factor of 4436405234?
False
Is 857906640 a multiple of 216?
True
Is 122 a factor of 90667752?
False
Is 270 a factor of 54996164?
False
Is 54 a factor of 229973268?
False
Does 2115 divide 2720091350?
False
Is 52322140 a multiple of 52?
True
Is 25256372 a multiple of 159?
False
Is 430654518 a multiple of 5465?
False
Is 1419307722 a multiple of 130?
False
Is 6 a factor of 100910120?
False
Does 11 divide 1400485864?
False
Is 20 a factor of 82113111?
False
Is 31225890 a multiple of 10?
True
Is 2861 a factor of 884137049?
False
Does 56 divide 1525325928?
True
Is 314 a factor of 69001480?
False
Does 115 divide 95550034?
False
Does 844 divide 25190868?
True
Is 206 a factor of 57033879?
False
Is 245 a factor of 1314150581?
False
Is 75297924 a multiple of 156?
True
Is 493 a factor of 1168479020?
True
Is 29765932 a multiple of 1862?
True
Is 30978700 a multiple of 1245?
False
Is 65 a factor of 7825285?
True
Is 1224548622 a multiple of 1086?
True
Is 259 a factor of 29247057?
True
Is 220878257 a multiple of 114?
False
Does 920 divide 147803131?
False
Does 1847 divide 2089428629?
False
Does 4 divide 36542349?
False
Does 711 divide 679904963?
False
Is 234 a factor of 144547884?
True
Does 1103 divide 971980797?
False
Is 627075 a multiple of 619?
False
Is 145386560 a multiple of 2060?
True
Is 2270678350 a multiple of 1622?
True
Does 62 divide 42582654?
True
Is 85418649 a multiple of 42?
False
Does 183 divide 1867625693?
False
Is 953 a factor of 94088858?
False
Is 3907 a factor of 795730876?
True
Is 11437511 a multiple of 364?
False
Is 1022166 a multiple of 46?
True
Is 31049731 a multiple of 1390?
False
Does 1000 divide 3590000?
True
Is 74 a factor of 615681258?
True
Is 102 a factor of 40938210?
True
Is 24 a factor o